t j(g) = 3*g**2 - 5*g + 0*g**3 + 4*g - 1 + g**3. What is j(p)?
2
Let a(g) = -2*g + 6. Let p = -11 - -16. Suppose -2*v + k + 17 = v, -3*v = p*k + 13. Give a(v).
-2
Let x = -6055 + 6052. Let m(w) be the first derivative of 2*w**3/3 - w**2 + w - 2. Calculate m(x).
25
Let a(h) = 6*h - 5. Let x(o) = 5*o - 8. Let t(l) = 3*a(l) - 4*x(l). Calculate t(12).
-7
Let m(g) = -3*g**3 - 9*g**2 - 9*g - 3. Let k(v) = -7*v**3 - 19*v**2 - 19*v - 5. Let p(n) = -2*k(n) + 5*m(n). What is p(-6)?
1
Let d(v) be the second derivative of -v**3/6 + 3*v**2/2 - v. Let p = -24 - 0. Let q = 28 + p. Determine d(q).
-1
Let q be 1/6 - (-4465)/30. Let l(x) = 149*x - 295*x - 5 + q*x. Let r be -5*(-1 - (-1 + 1)). What is l(r)?
10
Let f(k) be the first derivative of -k**7/840 - k**5/120 - 5*k**4/12 - 20*k**3/3 - 27. Let n(o) be the third derivative of f(o). What is n(0)?
-10
Let z(w) = -w**3 - 4*w**2 - 3*w. Let n be z(-4). Suppose -4 = -3*i + d, 0*i + 3*i = 3*d + n. Let p(o) = o**2 - o + 6. Calculate p(i).
6
Suppose -5*f + 100 + 44 = m, -2*f + 4*m + 62 = 0. Suppose f*n + 21 = 32*n. Let w(l) = -l + 6. Calculate w(n).
-1
Suppose 0 = -11*j + 24 + 42. Let c(b) = b**2 - 10*b + 4. Determine c(j).
-20
Let a(m) be the third derivative of m**5/60 + m**4/6 - m**3 + 51*m**2 + 2*m. Let j be ((-16)/(-3))/((-1)/6). Let c be j/6 - (-2)/6. Give a(c).
-1
Let k be (-8*12/(-40))/(6/20). Let j(n) = 13 - k - 1 - 12*n - 5. Suppose -2*p + 2 = 2*a, -5*a = 2*p - 5 - 3. Calculate j(p).
11
Let t be (6*1/(-2)*1)/(-1). Let g = 6 + 4. Let i(l) = 3*l - t + l - g*l + l**2. Calculate i(6).
-3
Suppose -z + 9 = -5*h - 18, -8 = -4*z - 5*h. Suppose -z*a + 23 + 19 = 0. Let f(c) = c**2 - 6*c - 7. Determine f(a).
-7
Let k = -21 - -29. Let i(f) = -f**3 + 7*f**2 + 8*f + 4. Let c be i(k). Let g(l) = l - 7. Give g(c).
-3
Let u(p) be the third derivative of 1/60*p**5 + 0 + 5/24*p**4 + 0*p - 7*p**2 - 1/6*p**3. What is u(-6)?
5
Let g(c) = -2*c**3 + 7*c**2 + 5*c - 8. Let b be g(4). Let z(a) be the third derivative of -a**4/12 - a**3/6 - 12*a**2. Calculate z(b).
7
Let c(i) = i**2 - i - 1. Let y(w) = 6*w + 12. Let u be y(-3). Let d(m) = 5*m**2 - 6*m - 5. Let z(v) = u*c(v) + d(v). Calculate z(0).
1
Let i = 561 + -563. Let j(k) = -3*k**2 - 4*k - 3. Calculate j(i).
-7
Let d(a) be the third derivative of -a**9/60480 - a**7/2520 - a**6/720 + 7*a**5/20 + 17*a**2. Let w(r) be the third derivative of d(r). What is w(-2)?
11
Let g(c) = -c. Let z(u) = 4. Let j(q) = 2*g(q) - 2*z(q). What is j(-6)?
4
Let b(g) = -2*g**3 - 190 + 191 - 2*g**3 + 5*g**3 - 6*g**2 + 6*g + 0*g. Calculate b(5).
6
Let n(h) = 5*h**3 + 2*h - 13. Let p be (-6 + 9 + (-2)/(-4))*2. Let v(d) = 3*d**3 + d - 7. Let a(w) = p*v(w) - 4*n(w). Give a(0).
3
Let o = -95 - -100. Let l(g) = -5*g + 3. Give l(o).
-22
Let s be (-2)/(2/(-3))*(-41)/((-2460)/(-40)). Let l(g) = 0*g**2 - 2 + 2*g**2 - g**2 - g. What is l(s)?
4
Let q(m) = -12*m**2 + 17*m + 15. Let d(y) = 5*y**2 - 8*y - 8. Let c(k) = 5*d(k) + 2*q(k). Give c(8).
6
Let i(j) = -j**2 - 7*j - 8. Let p be i(-5). Suppose -2*h + 28 = p*h. Let a(f) = f**3 - 8*f**2 + 8*f - 8. Calculate a(h).
-1
Suppose 2*o + 2*y = -y + 16, -o = -2*y + 6. Let k(l) = 2*l**3 - l**2 + 4*l - 3. Determine k(o).
17
Let q be (-2 - (3 - 4))/(-1). Let a(o) = -4*o - q - 3*o + 0*o + 5*o. What is a(-1)?
1
Let z(r) = 13*r**3 - 6*r**2 + 2*r + 8. Let d(a) = 12*a**3 - 5*a**2 + 2*a + 7. Let k(q) = -6*d(q) + 5*z(q). Give k(-1).
7
Let k(t) = 6 + 16*t + 9 - 10 + 3*t**2 + 3 + t**3 + 5*t**2. Calculate k(-4).
8
Suppose 4*w - 2*r = 42, 0 = 3*w - 3*r - 16 - 23. Suppose w*p = -p - 9. Let f(n) be the third derivative of 7*n**5/60 + n**4/12 + n**3/6 + n**2. What is f(p)?
6
Let s(d) = -7*d - 7. Let m(c) = -28*c - 29. Let w(h) = 2*m(h) - 9*s(h). Suppose -7*p = -9*p + 3*g - 5, -15 = 4*p - g. Calculate w(p).
-23
Let j(b) = -b**2 + b - 2. Let i be j(4). Let s = i + 11. Let h(k) = -k**2. Let a(z) = 4*z**2 + 7*z + 5. Let x(o) = s*h(o) - a(o). What is x(-4)?
7
Let z(p) = p**3 + p**2 - 8. Let d(a) = a**3 + 5*a**2 + 8*a + 8. Let s be d(-4). Let o = s + 3. Let g be 0/(o/(-5) - 0). Determine z(g).
-8
Let o(g) = 3*g - 25. Let z(r) = r**2 + 9*r + 10. Let h be z(-9). Calculate o(h).
5
Let f(b) = -b + 1. Let x(t) = -t**2 - 4*t + 4. Let c be x(-4). Suppose c*r = 3*g + 8, -2*r + r + 3*g = 7. Suppose l - 2 - 2 = 0, 5*l = r*q. Calculate f(q).
-3
Let b(p) = 25*p**2 + 17*p**2 + 2*p + 1 - 43*p**2. What is b(-2)?
-7
Let z(b) = -b**2 + 1. Let v(f) = -13*f**2 - f. Suppose -3 = 25*j - 28*j. Let s(d) = j*z(d) + v(d). What is s(1)?
-14
Let o(d) = -d**2 + 11*d - 14. Let w(v) = v + 2. Let j be w(7). Let h be o(j). Let x(p) = 3*p - 6. What is x(h)?
6
Let u be 1 - (-1 - -1 - -10). Let f = -123 - -133. Let i(c) = -376 + 757 - 376 + 10*c + c**3 + f*c**2. Determine i(u).
-4
Let z(t) = t**2 + 6*t - 10. Let p(y) = y**3 - y**2 - y - 1. Let v(f) = -2*f**3 - 7*f**2 - 6*f + 8. Let g(x) = -p(x) - v(x). Let i be g(-7). Give z(i).
-3
Let o(c) = 2*c**3 - 2*c**2 - c + 2. Let b(j) = -j**3 + j**2 + j - 1. Let r(f) = 3*f**2 - f - 1. Let z be r(-1). Let t(a) = z*o(a) + 4*b(a). Calculate t(2).
12
Suppose -26*n - 252 = -5*n. Let k(p) = p**2 + 13*p + 15. What is k(n)?
3
Let p(k) be the third derivative of -k**6/120 + 4*k**5/15 - 5*k**4/8 + 5*k**3/3 + 28*k**2. Give p(15).
10
Let d(r) be the second derivative of -r**4/12 + r**2/2 + 17*r. Let s(j) = -j**3 - 5*j**2 - 4*j - 5. Let o(u) = -2*d(u) - s(u). Calculate o(-6).
15
Let x(v) be the second derivative of -v**6/30 - v**5/60 + v**4/24 - v**3/6 - v**2 + 21*v. Let b(j) be the first derivative of x(j). Calculate b(1).
-5
Suppose -1 + 4 = v. Let f(c) = -74*c - 71*c + 147*c - 13 + 14. Calculate f(v).
7
Suppose -4*f = 5*t + 5, 3*f - t = 3*t + 35. Suppose 16*p = f*p - 66. Let g(m) = m - 6. What is g(p)?
-12
Let m be 6/2 - (-9 - -19). Let w(o) = o**2 + 10*o - 2. Give w(m).
-23
Let b(z) be the first derivative of z**5/60 + 13*z**3/3 - 7. Let y(g) be the third derivative of b(g). Give y(4).
8
Let v(z) = -z**3 + 4*z**2 - 5*z + 1. Let r = -2 - -4. Determine v(r).
-1
Let s(v) = -v**3 + 11*v**2 + 13*v. Let q be (-1134)/(-84) - 1/((-6)/(-9)). What is s(q)?
12
Let k(b) = -b**3 + 11*b**2 + 2*b - 7. Let u be (-3)/3 + (-7 - -19). Calculate k(u).
15
Let j(h) = -h**2 + 5*h - 2. Let f be 1 - ((-2)/4)/((-2)/(-224)). Let r = 59 - f. Calculate j(r).
4
Suppose -1 - 13 = -2*i. Let y be 2/i - 165/(-35). Let m(z) = -10*z + 3. Let g(c) = 8*c - 3. Let f(v) = -4*g(v) - 3*m(v). Give f(y).
-7
Let z(u) = -5*u**3 - 1 - 12*u**2 + 2 + 10*u**2. Suppose -4*b - 14 = -2. Let g = b - -4. Calculate z(g).
-6
Let d(z) = -z**3 + 3*z**2 + 6. Let v be d(3). Let y(m) = -m**3 + 6*m**2 - 6*m. Calculate y(v).
-36
Let t(y) = -y**2 - 8*y - 2. Let s be (-2)/(-6)*(10 + -12)*81. Let m = 48 + s. What is t(m)?
10
Let t(a) = -5*a + 1. Let m be t(-1). Let p be 15*(-1)/m*-2. Let z(s) be the second derivative of -s**4/12 + s**3/2 - s**2/2 - 522*s. Determine z(p).
-11
Suppose 4*p - 16 = t, -3*p - 5*t + 10 + 2 = 0. Let l(j) = -7 + 16 - p + 2*j. Suppose -2*k - 32 = 4*u, -4*k - 3*u - 48 = -9. What is l(k)?
-7
Let k = -16 + 30. Let u be 20/(-70) - (-4)/k. Let t(m) = -m - 6. What is t(u)?
-6
Let b(d) = -d**2 - d + 4. Suppose 7*z - 6*z = 0. Suppose 5*c + 9 = -3*u, -2*u - 6 = -2*c - z*u. Suppose 4*n = -c*n - 3*m + 24, 4*n = 5*m - 8. Calculate b(n).
-8
Let b be (0 + (-30)/25)*(-360)/(-27). Let x(z) = -z**2 - 12*z + 62. Give x(b).
-2
Let h(v) = -6*v**3 + 6*v**2 + 3*v - 1. Let w(z) = -20*z**3 + 17*z**2 + 11*z - 3. Let m(o) = -7*h(o) + 2*w(o). Give m(4).
5
Suppose d - 98 = -101. Let n(v) = -2*v**3 + 7*v**2 + v - 2*v**2 + 3*v**3. Give n(d).
15
Let s(r) be the third derivative of -r**6/120 + 2*r**5/15 - r**4/3 + 5*r**3/3 + 10*r**2 + 2*r. Calculate s(7).
3
Let c(l) be the third derivative of l**4/24 - l**3/2 - 2*l**2 - 13. Let t = 23 - 28. Give c(t).
-8
Let g(j) be the second derivative of -j**5/20 + 5*j**4/4 + j**3/6 - 6*j**2 - 229*j. Determine g(15).
3
Let x = 385 - 382. Let d(m) be the first derivative of -2*m**2 + 8*m + 3. Let o(i) = 1. Let q(s) = d(s) - 4*o(s). Calculate q(x).
-8
Let g = -975 + 976. Suppose q + 2 = 4. Let z(v) = -12*v + 12*v - v**q. What is z(g)?
-1
Suppose 0 = 5*w - 21 + 6. Let t(g) = 2*g**3 - 15*g**2 - g + 13. Let p(d) = 3*d**3 - 22*d**2 - d + 19. Let y = 6 - 1. Let v(x) = y*p(x) - 7*t(x). Determine v(w).
-8
Let z be ((-4)/(-10))/((-57)/30 